{"id":971,"date":"2024-10-28T14:41:47","date_gmt":"2024-10-28T13:41:47","guid":{"rendered":"https:\/\/popcorne-boutique.com\/?post_type=product&#038;p=971"},"modified":"2024-10-31T18:03:30","modified_gmt":"2024-10-31T17:03:30","slug":"sac-banane-bleu","status":"publish","type":"product","link":"https:\/\/popcorne-boutique.com\/index.php\/produit\/sac-banane-bleu\/","title":{"rendered":"Banane Tapiss\u00e9e Bleue"},"content":{"rendered":"<p>Ce sac Banane est pi\u00e8ce unique cr\u00e9\u00e9 \u00e0 partir de tissus de seconde main et upcycl\u00e9. Je l&rsquo;ai r\u00e9alis\u00e9 \u00e0 partir du patron de <a href=\"https:\/\/www.instagram.com\/hellohannahwalker\/?hl=fr\"><span class=\"x1lliihq x1plvlek xryxfnj x1n2onr6 x1ji0vk5 x18bv5gf x193iq5w xeuugli x1fj9vlw x13faqbe x1vvkbs x1s928wv xhkezso x1gmr53x x1cpjm7i x1fgarty x1943h6x x1i0vuye xvs91rp x1s688f x5n08af x10wh9bi x1wdrske x8viiok x18hxmgj\" dir=\"auto\">Hannah Walker.<\/span><\/a><br \/>\nAnse sur la photo : fine (2,5-3 cm), courte (70-80 cm) de couleur bleu ciel fonc\u00e9.<\/p>\n<p><strong>Retrouve-le sur <a href=\"https:\/\/www.instagram.com\/p\/DBgxaVDPdl9\/?utm_source=ig_web_copy_link&amp;igsh=MzRlODBiNWFlZA==\">Instagram<\/a> !<\/strong><\/p>\n<p>Le produit vous plait mais n&rsquo;est plus disponible ? Vous pouvez faire une demande de devis via l&rsquo;onglet pr\u00e9vu \u00e0 cet effet pour obtenir votre personnalisation sur-mesure.<br \/>\nLe stock n&rsquo;est pas r\u00e9approvisionn\u00e9 pour les pi\u00e8ces uniques.<\/p>\n<h3><strong>Information avant achat<br \/>\n<\/strong><\/h3>\n<p>Je r\u00e9alise chacune de mes cr\u00e9ation \u00e0 la main. Il se peut donc qu\u2019il y ait de l\u00e9g\u00e8res variations dues au travail manuel et au mat\u00e9riel \u00e0 ma disposition. La composition des mat\u00e9riaux est inconnu, car ils proviennent de la seconde-main.<br \/>\nLes tissus de seconde-main upcycl\u00e9es sont de bonne qualit\u00e9. Cependant, ils ont v\u00e9cu avant d&rsquo;arriver entre mes mains, et peuvent manifester des signes de leur ancienne vie (\u00e9raflures, d\u00e9coloration, usure..).<\/p>\n<p>Cet article est destin\u00e9 \u00e0 un public adulte et ne r\u00e9pond pas aux normes de s\u00e9curit\u00e9 r\u00e9glementaires pour les enfants.<\/p>\n<h3><!--more--><strong>Conseils d&rsquo;entretien<br \/>\n<\/strong><\/h3>\n<p>Mat\u00e9riaux fragiles<br \/>\nNe pas laver en machine \/ ne pas repasser \/ ne pas laisser tremper \/ ne pas mettre au s\u00e8che-linge.<\/p>\n<p>Pour toute question suppl\u00e9mentaire sur le produit, ou pour passer une commande personnalis\u00e9e, n&rsquo;h\u00e9sitez pas \u00e0 me contacter via la rubrique <a href=\"https:\/\/popcorne-boutique.com\/index.php\/contact\/\">Contact<\/a>.<\/p>\n","protected":false},"excerpt":{"rendered":"<p>Ce sac Banane est pi\u00e8ce unique cr\u00e9\u00e9 \u00e0 partir de tissus de seconde main et upcycl\u00e9. Je l&rsquo;ai r\u00e9alis\u00e9 \u00e0 partir du patron de Hannah Walker. Anse sur la photo : fine (2,5-3 cm), courte (70-80 cm) de couleur bleu ciel fonc\u00e9. Retrouve-le sur Instagram ! Le produit vous plait mais n&rsquo;est plus disponible ? [&hellip;]<\/p>\n","protected":false},"featured_media":1004,"comment_status":"open","ping_status":"closed","template":"","meta":{"ocean_post_layout":"full-width","ocean_both_sidebars_style":"scs-style","ocean_both_sidebars_content_width":0,"ocean_both_sidebars_sidebars_width":0,"ocean_sidebar":"0","ocean_second_sidebar":"0","ocean_disable_margins":"enable","ocean_add_body_class":"","ocean_shortcode_before_top_bar":"","ocean_shortcode_after_top_bar":"","ocean_shortcode_before_header":"","ocean_shortcode_after_header":"","ocean_has_shortcode":"","ocean_shortcode_after_title":"","ocean_shortcode_before_footer_widgets":"","ocean_shortcode_after_footer_widgets":"","ocean_shortcode_before_footer_bottom":"","ocean_shortcode_after_footer_bottom":"","ocean_display_top_bar":"default","ocean_display_header":"default","ocean_header_style":"","ocean_center_header_left_menu":"0","ocean_custom_header_template":"0","ocean_custom_logo":0,"ocean_custom_retina_logo":0,"ocean_custom_logo_max_width":0,"ocean_custom_logo_tablet_max_width":0,"ocean_custom_logo_mobile_max_width":0,"ocean_custom_logo_max_height":0,"ocean_custom_logo_tablet_max_height":0,"ocean_custom_logo_mobile_max_height":0,"ocean_header_custom_menu":"0","ocean_menu_typo_font_family":"0","ocean_menu_typo_font_subset":"","ocean_menu_typo_font_size":0,"ocean_menu_typo_font_size_tablet":0,"ocean_menu_typo_font_size_mobile":0,"ocean_menu_typo_font_size_unit":"px","ocean_menu_typo_font_weight":"","ocean_menu_typo_font_weight_tablet":"","ocean_menu_typo_font_weight_mobile":"","ocean_menu_typo_transform":"","ocean_menu_typo_transform_tablet":"","ocean_menu_typo_transform_mobile":"","ocean_menu_typo_line_height":0,"ocean_menu_typo_line_height_tablet":0,"ocean_menu_typo_line_height_mobile":0,"ocean_menu_typo_line_height_unit":"","ocean_menu_typo_spacing":0,"ocean_menu_typo_spacing_tablet":0,"ocean_menu_typo_spacing_mobile":0,"ocean_menu_typo_spacing_unit":"","ocean_menu_link_color":"","ocean_menu_link_color_hover":"","ocean_menu_link_color_active":"","ocean_menu_link_background":"","ocean_menu_link_hover_background":"","ocean_menu_link_active_background":"","ocean_menu_social_links_bg":"","ocean_menu_social_hover_links_bg":"","ocean_menu_social_links_color":"","ocean_menu_social_hover_links_color":"","ocean_disable_title":"default","ocean_disable_heading":"default","ocean_post_title":"","ocean_post_subheading":"","ocean_post_title_style":"","ocean_post_title_background_color":"","ocean_post_title_background":0,"ocean_post_title_bg_image_position":"","ocean_post_title_bg_image_attachment":"","ocean_post_title_bg_image_repeat":"","ocean_post_title_bg_image_size":"","ocean_post_title_height":0,"ocean_post_title_bg_overlay":0.5,"ocean_post_title_bg_overlay_color":"","ocean_disable_breadcrumbs":"default","ocean_breadcrumbs_color":"","ocean_breadcrumbs_separator_color":"","ocean_breadcrumbs_links_color":"","ocean_breadcrumbs_links_hover_color":"","ocean_display_footer_widgets":"default","ocean_display_footer_bottom":"default","ocean_custom_footer_template":"0"},"product_brand":[],"product_cat":[17,175,49],"product_tag":[177,36,63,176,65],"class_list":{"0":"post-971","1":"product","2":"type-product","3":"status-publish","4":"has-post-thumbnail","6":"product_cat-accessoires-ethiques-et-responsables","7":"product_cat-sac","8":"product_cat-accessoires-vetements-decorations-automne","9":"product_tag-banane","10":"product_tag-ethique","11":"product_tag-piece-unique","12":"product_tag-sac","13":"product_tag-upcycling","14":"product_shipping_class-colis-intermediaire","16":"entry","17":"has-media","19":"first","20":"instock","21":"sold-individually","22":"purchasable","23":"product-type-simple","24":"has-product-nav","25":"col","26":"span_1_of_5","27":"owp-content-center","28":"owp-thumbs-layout-horizontal","29":"owp-btn-normal","30":"owp-tabs-layout-horizontal"},"yoast_head":"<!-- This site is optimized with the Yoast SEO plugin v24.3 - https:\/\/yoast.com\/wordpress\/plugins\/seo\/ -->\n<title>\ud83c\udf4c Banane Tapiss\u00e9e Bleue - Popcorne : Pi\u00e8ce unique<\/title>\n<meta name=\"description\" content=\"Sac banane tapiss\u00e9, en tissus upcycl\u00e9s issus de la seconde main. Possibilit\u00e9 de commander sur-mesure. Cousu-main avec amour \u2665\" \/>\n<meta name=\"robots\" content=\"index, follow, max-snippet:-1, max-image-preview:large, max-video-preview:-1\" \/>\n<link rel=\"canonical\" href=\"https:\/\/popcorne-boutique.com\/index.php\/produit\/sac-banane-bleu\/\" \/>\n<meta property=\"og:locale\" content=\"fr_FR\" \/>\n<meta property=\"og:type\" content=\"article\" \/>\n<meta property=\"og:title\" content=\"\ud83c\udf4c Banane Tapiss\u00e9e Bleue - Popcorne : Pi\u00e8ce unique\" \/>\n<meta property=\"og:description\" content=\"Sac banane tapiss\u00e9, en tissus upcycl\u00e9s issus de la seconde main. Possibilit\u00e9 de commander sur-mesure. Cousu-main avec amour \u2665\" \/>\n<meta property=\"og:url\" content=\"https:\/\/popcorne-boutique.com\/index.php\/produit\/sac-banane-bleu\/\" \/>\n<meta property=\"og:site_name\" content=\"Popcorne\" \/>\n<meta property=\"article:modified_time\" content=\"2024-10-31T17:03:30+00:00\" \/>\n<meta property=\"og:image\" content=\"https:\/\/popcorne-boutique.com\/wp-content\/uploads\/2024\/10\/1000005922-819x1024.png\" \/>\n\t<meta property=\"og:image:width\" content=\"819\" \/>\n\t<meta property=\"og:image:height\" content=\"1024\" \/>\n\t<meta property=\"og:image:type\" content=\"image\/png\" \/>\n<meta name=\"twitter:card\" content=\"summary_large_image\" \/>\n<meta name=\"twitter:label1\" content=\"Dur\u00e9e de lecture estim\u00e9e\" \/>\n\t<meta name=\"twitter:data1\" content=\"2 minutes\" \/>\n<script type=\"application\/ld+json\" class=\"yoast-schema-graph\">{\"@context\":\"https:\/\/schema.org\",\"@graph\":[{\"@type\":\"WebPage\",\"@id\":\"https:\/\/popcorne-boutique.com\/index.php\/produit\/sac-banane-bleu\/\",\"url\":\"https:\/\/popcorne-boutique.com\/index.php\/produit\/sac-banane-bleu\/\",\"name\":\"\ud83c\udf4c Banane Tapiss\u00e9e Bleue - Popcorne : Pi\u00e8ce unique\",\"isPartOf\":{\"@id\":\"https:\/\/popcorne-boutique.com\/#website\"},\"primaryImageOfPage\":{\"@id\":\"https:\/\/popcorne-boutique.com\/index.php\/produit\/sac-banane-bleu\/#primaryimage\"},\"image\":{\"@id\":\"https:\/\/popcorne-boutique.com\/index.php\/produit\/sac-banane-bleu\/#primaryimage\"},\"thumbnailUrl\":\"https:\/\/popcorne-boutique.com\/wp-content\/uploads\/2024\/10\/1000005922.png\",\"datePublished\":\"2024-10-28T13:41:47+00:00\",\"dateModified\":\"2024-10-31T17:03:30+00:00\",\"description\":\"Sac banane tapiss\u00e9, en tissus upcycl\u00e9s issus de la seconde main. Possibilit\u00e9 de commander sur-mesure. Cousu-main avec amour \u2665\",\"breadcrumb\":{\"@id\":\"https:\/\/popcorne-boutique.com\/index.php\/produit\/sac-banane-bleu\/#breadcrumb\"},\"inLanguage\":\"fr-FR\",\"potentialAction\":[{\"@type\":\"ReadAction\",\"target\":[\"https:\/\/popcorne-boutique.com\/index.php\/produit\/sac-banane-bleu\/\"]}]},{\"@type\":\"ImageObject\",\"inLanguage\":\"fr-FR\",\"@id\":\"https:\/\/popcorne-boutique.com\/index.php\/produit\/sac-banane-bleu\/#primaryimage\",\"url\":\"https:\/\/popcorne-boutique.com\/wp-content\/uploads\/2024\/10\/1000005922.png\",\"contentUrl\":\"https:\/\/popcorne-boutique.com\/wp-content\/uploads\/2024\/10\/1000005922.png\",\"width\":1080,\"height\":1350},{\"@type\":\"BreadcrumbList\",\"@id\":\"https:\/\/popcorne-boutique.com\/index.php\/produit\/sac-banane-bleu\/#breadcrumb\",\"itemListElement\":[{\"@type\":\"ListItem\",\"position\":1,\"name\":\"Accueil\",\"item\":\"https:\/\/popcorne-boutique.com\/\"},{\"@type\":\"ListItem\",\"position\":2,\"name\":\"Boutique\",\"item\":\"https:\/\/popcorne-boutique.com\/index.php\/boutique\/\"},{\"@type\":\"ListItem\",\"position\":3,\"name\":\"Banane Tapiss\u00e9e Bleue\"}]},{\"@type\":\"WebSite\",\"@id\":\"https:\/\/popcorne-boutique.com\/#website\",\"url\":\"https:\/\/popcorne-boutique.com\/\",\"name\":\"Popcorne\",\"description\":\"\",\"publisher\":{\"@id\":\"https:\/\/popcorne-boutique.com\/#organization\"},\"potentialAction\":[{\"@type\":\"SearchAction\",\"target\":{\"@type\":\"EntryPoint\",\"urlTemplate\":\"https:\/\/popcorne-boutique.com\/?s={search_term_string}\"},\"query-input\":{\"@type\":\"PropertyValueSpecification\",\"valueRequired\":true,\"valueName\":\"search_term_string\"}}],\"inLanguage\":\"fr-FR\"},{\"@type\":\"Organization\",\"@id\":\"https:\/\/popcorne-boutique.com\/#organization\",\"name\":\"Popcorne\",\"url\":\"https:\/\/popcorne-boutique.com\/\",\"logo\":{\"@type\":\"ImageObject\",\"inLanguage\":\"fr-FR\",\"@id\":\"https:\/\/popcorne-boutique.com\/#\/schema\/logo\/image\/\",\"url\":\"https:\/\/popcorne-boutique.com\/wp-content\/uploads\/2024\/10\/Logo-Color-VECTO.svg\",\"contentUrl\":\"https:\/\/popcorne-boutique.com\/wp-content\/uploads\/2024\/10\/Logo-Color-VECTO.svg\",\"caption\":\"Popcorne\"},\"image\":{\"@id\":\"https:\/\/popcorne-boutique.com\/#\/schema\/logo\/image\/\"}}]}<\/script>\n<!-- \/ Yoast SEO plugin. -->","yoast_head_json":{"title":"\ud83c\udf4c Banane Tapiss\u00e9e Bleue - Popcorne : Pi\u00e8ce unique","description":"Sac banane tapiss\u00e9, en tissus upcycl\u00e9s issus de la seconde main. Possibilit\u00e9 de commander sur-mesure. Cousu-main avec amour \u2665","robots":{"index":"index","follow":"follow","max-snippet":"max-snippet:-1","max-image-preview":"max-image-preview:large","max-video-preview":"max-video-preview:-1"},"canonical":"https:\/\/popcorne-boutique.com\/index.php\/produit\/sac-banane-bleu\/","og_locale":"fr_FR","og_type":"article","og_title":"\ud83c\udf4c Banane Tapiss\u00e9e Bleue - Popcorne : Pi\u00e8ce unique","og_description":"Sac banane tapiss\u00e9, en tissus upcycl\u00e9s issus de la seconde main. Possibilit\u00e9 de commander sur-mesure. Cousu-main avec amour \u2665","og_url":"https:\/\/popcorne-boutique.com\/index.php\/produit\/sac-banane-bleu\/","og_site_name":"Popcorne","article_modified_time":"2024-10-31T17:03:30+00:00","og_image":[{"width":819,"height":1024,"url":"https:\/\/popcorne-boutique.com\/wp-content\/uploads\/2024\/10\/1000005922-819x1024.png","type":"image\/png"}],"twitter_card":"summary_large_image","twitter_misc":{"Dur\u00e9e de lecture estim\u00e9e":"2 minutes"},"schema":{"@context":"https:\/\/schema.org","@graph":[{"@type":"WebPage","@id":"https:\/\/popcorne-boutique.com\/index.php\/produit\/sac-banane-bleu\/","url":"https:\/\/popcorne-boutique.com\/index.php\/produit\/sac-banane-bleu\/","name":"\ud83c\udf4c Banane Tapiss\u00e9e Bleue - Popcorne : Pi\u00e8ce unique","isPartOf":{"@id":"https:\/\/popcorne-boutique.com\/#website"},"primaryImageOfPage":{"@id":"https:\/\/popcorne-boutique.com\/index.php\/produit\/sac-banane-bleu\/#primaryimage"},"image":{"@id":"https:\/\/popcorne-boutique.com\/index.php\/produit\/sac-banane-bleu\/#primaryimage"},"thumbnailUrl":"https:\/\/popcorne-boutique.com\/wp-content\/uploads\/2024\/10\/1000005922.png","datePublished":"2024-10-28T13:41:47+00:00","dateModified":"2024-10-31T17:03:30+00:00","description":"Sac banane tapiss\u00e9, en tissus upcycl\u00e9s issus de la seconde main. Possibilit\u00e9 de commander sur-mesure. Cousu-main avec amour \u2665","breadcrumb":{"@id":"https:\/\/popcorne-boutique.com\/index.php\/produit\/sac-banane-bleu\/#breadcrumb"},"inLanguage":"fr-FR","potentialAction":[{"@type":"ReadAction","target":["https:\/\/popcorne-boutique.com\/index.php\/produit\/sac-banane-bleu\/"]}]},{"@type":"ImageObject","inLanguage":"fr-FR","@id":"https:\/\/popcorne-boutique.com\/index.php\/produit\/sac-banane-bleu\/#primaryimage","url":"https:\/\/popcorne-boutique.com\/wp-content\/uploads\/2024\/10\/1000005922.png","contentUrl":"https:\/\/popcorne-boutique.com\/wp-content\/uploads\/2024\/10\/1000005922.png","width":1080,"height":1350},{"@type":"BreadcrumbList","@id":"https:\/\/popcorne-boutique.com\/index.php\/produit\/sac-banane-bleu\/#breadcrumb","itemListElement":[{"@type":"ListItem","position":1,"name":"Accueil","item":"https:\/\/popcorne-boutique.com\/"},{"@type":"ListItem","position":2,"name":"Boutique","item":"https:\/\/popcorne-boutique.com\/index.php\/boutique\/"},{"@type":"ListItem","position":3,"name":"Banane Tapiss\u00e9e Bleue"}]},{"@type":"WebSite","@id":"https:\/\/popcorne-boutique.com\/#website","url":"https:\/\/popcorne-boutique.com\/","name":"Popcorne","description":"","publisher":{"@id":"https:\/\/popcorne-boutique.com\/#organization"},"potentialAction":[{"@type":"SearchAction","target":{"@type":"EntryPoint","urlTemplate":"https:\/\/popcorne-boutique.com\/?s={search_term_string}"},"query-input":{"@type":"PropertyValueSpecification","valueRequired":true,"valueName":"search_term_string"}}],"inLanguage":"fr-FR"},{"@type":"Organization","@id":"https:\/\/popcorne-boutique.com\/#organization","name":"Popcorne","url":"https:\/\/popcorne-boutique.com\/","logo":{"@type":"ImageObject","inLanguage":"fr-FR","@id":"https:\/\/popcorne-boutique.com\/#\/schema\/logo\/image\/","url":"https:\/\/popcorne-boutique.com\/wp-content\/uploads\/2024\/10\/Logo-Color-VECTO.svg","contentUrl":"https:\/\/popcorne-boutique.com\/wp-content\/uploads\/2024\/10\/Logo-Color-VECTO.svg","caption":"Popcorne"},"image":{"@id":"https:\/\/popcorne-boutique.com\/#\/schema\/logo\/image\/"}}]}},"_links":{"self":[{"href":"https:\/\/popcorne-boutique.com\/index.php\/wp-json\/wp\/v2\/product\/971","targetHints":{"allow":["GET"]}}],"collection":[{"href":"https:\/\/popcorne-boutique.com\/index.php\/wp-json\/wp\/v2\/product"}],"about":[{"href":"https:\/\/popcorne-boutique.com\/index.php\/wp-json\/wp\/v2\/types\/product"}],"replies":[{"embeddable":true,"href":"https:\/\/popcorne-boutique.com\/index.php\/wp-json\/wp\/v2\/comments?post=971"}],"wp:featuredmedia":[{"embeddable":true,"href":"https:\/\/popcorne-boutique.com\/index.php\/wp-json\/wp\/v2\/media\/1004"}],"wp:attachment":[{"href":"https:\/\/popcorne-boutique.com\/index.php\/wp-json\/wp\/v2\/media?parent=971"}],"wp:term":[{"taxonomy":"product_brand","embeddable":true,"href":"https:\/\/popcorne-boutique.com\/index.php\/wp-json\/wp\/v2\/product_brand?post=971"},{"taxonomy":"product_cat","embeddable":true,"href":"https:\/\/popcorne-boutique.com\/index.php\/wp-json\/wp\/v2\/product_cat?post=971"},{"taxonomy":"product_tag","embeddable":true,"href":"https:\/\/popcorne-boutique.com\/index.php\/wp-json\/wp\/v2\/product_tag?post=971"}],"curies":[{"name":"wp","href":"https:\/\/api.w.org\/{rel}","templated":true}]}}